6*w + 6 - 3. Determine s(f).
15
Let y(c) = 2*c**3 + 2*c**2 - 5*c - 22. Let r(d) = 8*d**3 + 8*d**2 - 20*d - 85. Let a(p) = 6*r(p) - 23*y(p). Give a(3).
53
Let g(k) = 9*k**2 - 3*k. Let q = 2625 + -2624. Determine g(q).
6
Let b(d) be the second derivative of d**2 - d - 9 + 2/3*d**3 - 1/12*d**4. Determine b(5).
-3
Let u(x) be the first derivative of 8*x + 42 + 5*x**2 + 4*x**3 + 1/4*x**4. What is u(-11)?
19
Let w(p) be the first derivative of -p**5/120 + 80*p**3/3 + 2. Let c(b) be the third derivative of w(b). What is c(1)?
-1
Let p be ((-30)/(-45))/((-2)/3). Let r(t) be the first derivative of -t + 3/2*t**2 + 27. Give r(p).
-4
Let o(j) = -83*j**3 - 11*j**2 - 3*j - 11. Let g(x) = -33*x**3 - 5*x**2 - 2*x - 5. Let z(v) = 5*g(v) - 2*o(v). Let n be (-1)/((-2)/(-6)) - -1. Calculate z(n).
-15
Let i(j) = 6*j**3 + 26*j**2 - 12. Let g(r) = -7*r**3 - 32*r**2 - r + 13. Let u(x) = 5*g(x) + 6*i(x). What is u(5)?
-7
Suppose -9*h - 10 = 8. Let m(i) be the first derivative of i**4/4 + 2*i**3/3 - 2*i + 65. Determine m(h).
-2
Let k = -70 + 79. Suppose 56 = 5*r + k*r. Let t be ((-3)/3)/(-3 + r). Let g(h) = -7*h**2 - 2*h - 1. Calculate g(t).
-6
Let o(h) = -15*h - 41. Suppose -9*l - 15 = -7*l + 3*l. Determine o(l).
4
Let s(v) = 12*v - 3. Let y(z) = -z**3 - 21*z**2 - 41*z - 60. Let g be y(-19). Let x(j) = -5*j + 1. Let k(q) = g*s(q) - 7*x(q). What is k(-2)?
4
Let s(o) be the third derivative of o**4/6 - 7*o**3/3 - 1843*o**2. Give s(0).
-14
Let z(c) = c**3 - 2*c + 1 + 5*c - 4*c**2 - 2. Suppose -t + 2*o + 114 = 0, 3*t - t + o - 223 = 0. Let b = 115 - t. Give z(b).
-1
Let p(m) be the first derivative of -7*m**2/2 + m - 18939. Let a(w) = -w - 1. Let f be a(2). Let u = f + 5. Determine p(u).
-13
Suppose t + 12 = 4*h, 4*h = 1 + 7. Let m(s) = -17*s + 2. Let j(q) = 3*q - 1. Let f(o) = -10*j(o) - 2*m(o). What is f(t)?
-10
Let r(h) be the first derivative of 2*h**4/3 + h**3/3 + h**2/2 + 21*h + 22. Let z(j) be the first derivative of r(j). What is z(-1)?
7
Let r(o) be the third derivative of o**6/240 - o**5/120 - 11*o**4/4 - 5*o**2 - 2*o. Let u(k) be the second derivative of r(k). Calculate u(-3).
-10
Let z(f) = f**3 + 7*f**2 + 8*f + 3. Let d(t) be the first derivative of 5 + 1/4*t**4 + 4*t**2 + 7/3*t**3 + 6*t. Let w be d(-6). What is z(w)?
-9
Suppose -3*o = 56 - 65. Suppose -o*j = j + 2*j. Let f(r) be the second derivative of r**4/12 - r**3/6 - 13*r**2/2 + 2*r. What is f(j)?
-13
Let d(j) be the third derivative of -2*j**4/3 - 25*j**3/2 - 1267*j**2 + j. What is d(-13)?
133
Let c(j) = -j**3 + 4*j**2 + 71*j - 326. Let v be c(8). Let o(f) = f**2 + 16*f + 11. What is o(v)?
-17
Suppose q = 3*j + 3*q - 9, j = q - 2. Let z be (-12 - -7)/(1/2 - j). Suppose 9 = -2*g - r + 22, 5*g - z = 5*r. Let o(w) = w**3 - 4*w**2 - 3*w - 6. Give o(g).
4
Let x(c) = -254*c - 14. Let m(p) = 138*p + 7. Let h(y) = -11*m(y) - 6*x(y). What is h(-2)?
-5
Let x(r) = 2*r + 18. Let m(v) = -16*v - 228. Let i(s) = -m(s) - 11*x(s). Give i(7).
-12
Let t(a) be the first derivative of -15*a**2 - 6*a + 9723. What is t(-1)?
24
Suppose -59*g + 4*c + 28 = -58*g, -2*g = -4*c - 28. Let w(a) = -a + 43. What is w(g)?
43
Let f = -6 - -8. Let t(v) = -v**f + 5 + 11 - 14. Suppose 6*j - 3*j = 9, 0 = z + j. Calculate t(z).
-7
Let g(n) = -54*n**2 + n + 9. Let p(v) = 99*v**2 - 2*v - 15. Let a(k) = 5*g(k) + 3*p(k). Let f = 2 + -3. What is a(f)?
28
Let c(s) = -32 - 458*s + 12 + 455*s. Determine c(9).
-47
Let u(k) = 92*k**2 + 70*k**2 + k**3 - 145*k**2 + 8 - 28 - 39*k. Calculate u(-19).
-1
Let t = -3087 + 3097. Suppose 3*v - v + 20 = 0. Let n = t + v. Let z(h) = h**3 - h**2 + h + 16. Determine z(n).
16
Let b(x) be the first derivative of -2*x**3/3 + 2*x**2 - 6*x - 9093. Give b(-3).
-36
Let b(u) = 2*u + 65. Suppose -11*v + 2*z = -14*v - 12, -4*z - 24 = 3*v. Determine b(v).
65
Suppose -3*f + 3*w - 6 = 0, -f - 4*f - 5*w + 30 = 0. Let z(a) = 0*a + 82 - 42 - a - 42 + 4*a. What is z(f)?
4
Let n(x) = -5*x**3 + x**2 + x + 1. Let v(s) = -3. Let d(u) = u - 8. Let h(c) = d(c) - 5*v(c). Let m be h(-8). Calculate n(m).
6
Let z(f) = 2*f**2 + 19*f + 17. Suppose 195 = -24*b + 3. Let r be z(b). Let h(y) be the second derivative of -y**3/6 - 5*y**2 - y. Calculate h(r).
-3
Let o(u) = -2*u - 7. Let c(l) = -2*l - 12. Suppose 87 = -8*r - 21*r. Let j be c(r). Calculate o(j).
5
Let l(z) be the second derivative of 4/3*z**3 - 18 + z - 13*z**2 + 1/12*z**4. What is l(-11)?
7
Suppose h + 172 = -u + 168, 4*h + u + 19 = 0. Let q(d) = d**3 + 7*d**2 + 4*d - 6. Determine q(h).
24
Let t(x) = -x**2 + 6*x - 7. Let d(m) = -m**3 - 14*m**2 - 13*m + 7. Let q be d(-13). Suppose -2*k - q = 2*v - 15, -26 = -5*v - 2*k. What is t(v)?
-7
Let g(c) = 0 + 0 - 5 - 13*c**2 + 7 + 2*c**3 + 11*c - c**2. Determine g(6).
-4
Let f(j) = -3*j + j**2 + 2*j - 5*j - 7. Let u = 223 + -228. Let v be u*16/(-140) - (-76)/14. Give f(v).
-7
Let x(f) = -2. Let u(p) = -p - 7. Let w(m) = -u(m) + 2*x(m). Let k be (-1)/((15/20)/(-8 - -2)). Suppose -4*q - i = -k, q = 3*q + 2*i + 2. Calculate w(q).
6
Let m(s) be the first derivative of 8*s - 1/4*s**4 - 5 - 7*s**2 - 5*s**3. Calculate m(-14).
8
Let o(b) = -b. Let p(w) = 9*w - 2. Let u(x) = -4*x + 1. Let g(m) = 2*p(m) + 5*u(m). Let l(r) = -4*g(r) + 7*o(r). Suppose 6*a = -38 + 74. Give l(a).
2
Let o(s) = s - 9. Let c(y) = 26*y - 72. Let h be c(3). Let a(b) = b**3 - 7*b**2 + 7*b + 5. Let f be a(h). Give o(f).
2
Let k(z) = 2*z + 4. Suppose 0 = 4*q - s - 8 - 13, 1 = -s. Suppose 4*d = -q*d - 54. Determine k(d).
-8
Let i(n) = n**2 + 4*n - 4. Let k(c) = 32*c + 152. Let y be k(-8). Let x = 98 + y. Give i(x).
8
Let g(j) = -8*j - 186. Let d(c) = 3*c + 66. Let a(x) = -14*d(x) - 5*g(x). Let b = -11 - -14. Let f be (b + -1)/(1/4). Give a(f).
-10
Let j = -16065 + 15946. Let u = 1 + -3. Let d be j/189*-6 + u/(-9). Let w(q) = q**2 - 6*q - 3. What is w(d)?
-11
Suppose -4*f = 21*f - 57 - 18. Let a(t) be the second derivative of 1/6*t**4 - t**2 + 1/20*t**5 - 1/3*t**f + 23*t + 0. Calculate a(-3).
-5
Let c be 44/6*(-263 - -260) - -17. Let a(g) be the third derivative of g**2 + 1/24*g**4 + 0 + 1/2*g**3 + 0*g. What is a(c)?
-2
Let c(t) = -17*t + 27*t**2 - 82*t**2 + 26*t**2 + 60 + 28*t**2. What is c(3)?
0
Let m be (-15 + 8/2)/1. Let p(k) = 17*k - 16. Let n(b) = 37*b - 35. Let u(s) = -6*n(s) + 13*p(s). What is u(m)?
13
Suppose 5*o - 12 = 9*o. Let i(w) be the second derivative of -32*w + 1/2*w**3 - w**2 + 1/3*w**4 + 1/20*w**5 + 0. Give i(o).
-2
Let d(m) = -m**3 + 2*m**2 + m + 4. Let y be d(3). Let f(k) = 7*k**2 + 3*k + 77. Let h(i) = -16*i**2 - 7*i - 181. Let n(b) = -7*f(b) - 3*h(b). What is n(y)?
0
Let j(w) be the second derivative of -w**4/12 - w**3 - w**2/2 + 2*w. Suppose 0 = 135*c - 269*c + 111*c - 92. Calculate j(c).
7
Let w(d) = 4*d + 6. Suppose -3*k = -4*k + 3, -2*z - 2*k + 18 = 0. Suppose -4*b = -z*b + 5*l - 12, -2*b + 3*l - 12 = 0. What is w(b)?
-18
Let o = 269 - 261. Suppose 0 = -z + o*z + 49. Let t(d) = -d**2 - 8*d - 1. What is t(z)?
6
Suppose -4*t = -7*s + 2*s - 7, 5*t - 20 = -5*s. Let q(m) = -m - m**2 - m**3 + 10 + 3*m**t - m**3. Let y = -16097 + 16097. What is q(y)?
10
Let l be (-209)/8 + 10/80. Let o = -23 - l. Let h(j) = -4*j**2 - j + 4. Let r(y) = -11*y**2 - 3*y + 11. Let v(k) = 8*h(k) - 3*r(k). Give v(o).
11
Let g(h) = h**3 - 2*h**2 - 5*h + 3. Suppose 50 = 2*m - 6*m + u, 0 = m - 2*u + 16. Let o = -43 - m. Let j = -28 - o. What is g(j)?
-3
Let w(v) be the third derivative of 2*v**2 + 0*v - 1/30*v**5 - v**3 + 7/24*v**4 + 0. Let f be -2 + (-20)/(-4) - -1. What is w(f)?
-10
Let j = 36 + -51. Let g be (1/2)/(j/(-6) - 2). Let a(u) = -5*u + 24*u**2 + 2*u - 4 - 23*u**2 + g. What is a(3)?
-3
Suppose -a - 11 = u - 16, u = 2*a + 17. Let v(c) = -c**2 + 2. Let b be v(0). Let z(k) = 2*k**b + 6*k + 3 + 0 - k**2. Determine z(a).
-5
Let x(a) = -2*a**2 - 24*a + 65. Let g = -3563 + 3548. What is x(g)?
-25
Let r(z) = -z + 21. Let u = -4630 - -4630. Calculate r(u).
21
Let r = 1057 - 1062. Let u(j) = j**3 + 6*j**2 - 5*j - 11. Calculate u(r).
39
Let s(c) = 49*c - 41. Let m(g) = -23*g + 20. Let f(u) = -13*m(u) - 6*s(u). Let b be f(1). Let h(o) = -2*o - 12. Calculate h(b).
6
Suppose 4*d + 8*d - 671 + 671 = 0. Let f(q) be the third derivative of d*q + 0 - 29*q**2 - 1/60*q**5 - 1/2*q**3 + 1/4*q**4. What is f(5)?
2
Let k(g) = -72*g - 295. Suppose 31 = -13*i - 5 - 16. Give k(i).
-7
Let c = -43 + 42.